or of o and 8.
8
Let i = 0 + 2. Suppose 2*n - n = -1, -37 = -i*p + 5*n. Suppose 21*h + 47 = 67*h - 15*h - 201. Calculate the highest common divisor of p and h.
8
Suppose -2*k - k = -h - 61, 0 = 4*k + 4*h - 92. What is the greatest common factor of 17 and k?
1
Let d = -13864 - -18115. Calculate the greatest common factor of d and 13.
13
Suppose 265*q - 34 = 301*q - 4174. What is the greatest common factor of 368 and q?
23
Let b(x) = 28*x + 2102. Let v be b(5). What is the highest common factor of 354 and v?
118
Let s = 3946 - 3826. What is the highest common factor of 160 and s?
40
Suppose -12*t + 5*h = -9*t - 18, 4*t - 4*h = 24. Let a be 2/((-6)/3)*126. Let v be 8/6*a/(-4). What is the greatest common divisor of v and t?
6
Suppose l = 4*o - 2*o - 93, 0 = -3*o + 2*l + 137. Suppose -21 - o = -14*r. Calculate the greatest common divisor of r and 25.
5
Suppose -2*y = 5*a - 258, 0 = -4*a + 6*y - 2*y + 184. Let b be (0 + 1)*397 - (-3)/1. What is the highest common divisor of b and a?
50
Suppose 62*m - 1088 = 28*m. Let o(l) = 2*l**2 + 15*l - 25. Let c be o(9). Calculate the highest common divisor of c and m.
16
Let n = 70 - 14. Let x(v) = -v**2 - 17*v - 24. Let o be x(-10). Suppose 4*i = 0, 5*b - 166 = -3*i - o. Calculate the highest common divisor of b and n.
8
Suppose -7*l - 6234 = -i - 9*l, -l - 12443 = -2*i. Calculate the greatest common divisor of 16 and i.
16
Let k = 54949 - 54513. Let s(w) = w + 327. Let r be s(0). What is the highest common factor of k and r?
109
Let j be ((-4 - -8) + 1)/(10/8). Let u(p) = 4*p**2 + 12*p - 16. Let k be u(j). What is the greatest common factor of k and 240?
48
Suppose 130 = 3*w + 4*z, 4*w - 9*w + z = -232. Let h(n) = 3*n**2 - 19*n + 28. Let p be h(10). Calculate the greatest common factor of p and w.
46
Suppose -606 = -2*z - 2*u, 4*z = -5*u + 1082 + 128. What is the greatest common factor of z and 20?
5
Let r be (4536/(-105) + 44)/(2/19605). Calculate the greatest common factor of r and 12.
6
Suppose -x = -3*y - 959, -44*x + 1938 = -42*x - 2*y. Suppose -4*p - 2*h = -1923 + 615, 3*p + 5*h = x. What is the greatest common divisor of 8 and p?
8
Let r = -1075 - -259. Let h = -447 - r. Calculate the highest common factor of h and 41.
41
Suppose 20400 = 150*f + 20*f. Calculate the highest common divisor of f and 1210.
10
Let v(s) = s**2 - 7*s + 8. Suppose -5*u + u + 24 = 0. Let m be v(u). Suppose 2*x + 32 = 4*b - m*x, -x = b - 4. Calculate the highest common divisor of b and 54.
6
Let t = 2345 + -2345. Suppose 2 = d - 5. Suppose 8*j - d*j - 13 = t. Calculate the greatest common divisor of j and 143.
13
Let c(s) = s**3 + 12*s**2 + 10*s + 4. Let v be c(-11). Let u(j) = 3 + j + 2 + 2. Let t be u(8). What is the greatest common factor of v and t?
15
Let u be ((-144)/24)/(3/16)*-1. Suppose -26*y = -u*y + 102. What is the highest common factor of 153 and y?
17
Suppose 5697 = 2*c + h, 5*h = -94*c + 91*c + 8542. What is the highest common factor of 148 and c?
37
Suppose 5235 = 75*n - 2415. Let w be ((-7)/(-3))/(1/(-18)). Let g = w + n. Calculate the greatest common divisor of 40 and g.
20
Let f = 337 - 297. Let a be (-42)/(-7) + -13 + 27. What is the highest common divisor of a and f?
20
Let j = 115 - 108. Suppose j*i + 82 = 250. Calculate the greatest common factor of i and 16.
8
Suppose 3*n - 34 = 5*b - 108, -n - 22 = -3*b. Let w = -7 - n. Calculate the greatest common factor of w and 42.
21
Suppose 5*g = 6*a - 11*a + 3390, 3*a = -9*g + 6066. Calculate the greatest common divisor of 861 and g.
21
Let l(q) = q - 6. Let v be l(12). Suppose -v + 94 = 4*k. Let a be (-37 + 4 + 0)*3/(-3). What is the highest common factor of a and k?
11
Let v be 1/(-3) + ((-24)/(-45))/((-368)/(-366620)). What is the highest common factor of v and 504?
9
Let z be (-2)/(-22) - 226584/792. Let a = -283 - z. Suppose 5*r - 4 = 3*r. Calculate the greatest common factor of r and a.
1
Suppose 8*g - 26 = 14. Suppose 4*m - 2*l - 50 = 0, 70 = g*m - 0*l - 5*l. Calculate the highest common factor of m and 44.
11
Let y(r) = r - 21. Let w be y(38). Suppose -5*u = z + w, 14*z + 20 = 18*z - 2*u. Calculate the highest common divisor of 21 and z.
3
Let u = 3055 + -2980. What is the greatest common divisor of 25 and u?
25
Suppose 3*z + 2*w + 68 - 77 = 0, w - 15 = -5*z. What is the highest common factor of 1011 and z?
3
Suppose 2*q - 31*z + 33*z = 336, 10 = -5*z. What is the greatest common divisor of q and 1105?
85
Let l(s) = 10*s**2 - 3*s - 2. Let y be l(-1). Suppose y*b - 744 = 7*b. Suppose 2*u - 70 = b. What is the greatest common divisor of 16 and u?
16
Let c be (-6)/(-15) - 68/(-5). Suppose -21*a + 17*a + 5*l = -3052, 1526 = 2*a - l. Let w = -761 + a. What is the greatest common factor of w and c?
2
Let z be (-11)/2*(-70 - 138). Let y = 131 - 43. What is the highest common divisor of z and y?
88
Let l = 35079 - 34974. What is the greatest common divisor of 1512 and l?
21
Suppose -96 = 6*d - 14*d. Suppose 7*a + 2*i - 1958 = 2*a, 3*i = d. What is the highest common factor of a and 156?
78
Let l(d) = -3*d + 42 + 57 + d**2 - 124. Let r be l(7). Calculate the highest common divisor of r and 2.
1
Suppose -134 = -2*m - m + 4*t, -5*t + 235 = 5*m. Let f be (8 + -2)/(3/m). Let x = 115 - f. What is the highest common factor of x and 46?
23
Suppose 0 = -5*p - 4*p + 567. Let o(d) = 3*d**2 + 7*d + 2. Let g be o(-8). Let r be (g/(-5))/(-3) - (-3)/(-15). What is the greatest common factor of r and p?
9
Suppose 46*s - 20*s = 1456. Let x be ((-64)/6)/((-2)/3). What is the greatest common divisor of x and s?
8
Let w be (-2 - -7)*24/(-5). Let b = w + 40. Suppose -3*y - 2*d - 155 = -267, 0 = 4*d + 16. What is the highest common factor of b and y?
8
Let q be 15/(-20) + (-4056)/(-32). Calculate the greatest common divisor of 4410 and q.
126
Let i be (-531276)/(-132) + 58/319. What is the greatest common divisor of 322 and i?
161
Let c be 4/(-6)*(-99)/2. Let f be (-1 - -5) + 14*11/22. What is the greatest common factor of c and f?
11
Suppose -3 = 2*l - z, 5*l - 12 - 3 = -5*z. Suppose 26 = i + i - v, 4*i - 4*v - 60 = l. Let q be (0 + 4/12)*99. Calculate the highest common divisor of q and i.
11
Let f = -51 + 53. Suppose 0 = -f*i + 14 + 14. Calculate the greatest common divisor of i and 322.
14
Let r(j) = -j**2 - 7*j - 5. Let w = -10 + 8. Let f be r(w). Let k be 18/2 + (3 - f). Calculate the greatest common divisor of 1 and k.
1
Suppose 3*v - 12 = 9. Let h(f) = 13 - 6 - 21 + 12*f - f**2. Let p be h(v). Calculate the highest common factor of 21 and p.
21
Let k = -2334 - -2359. What is the highest common factor of k and 725?
25
Suppose -6*d - 16*d = -1540. Suppose 0 = -11*l + 6*l + d. Let s be (-6)/(-12)*(-16)/(-2). Calculate the greatest common factor of l and s.
2
Let s = 2885 + -2028. Let j = s + -619. What is the highest common divisor of j and 14?
14
Let m(c) = -c**2 + 28*c - 70. Let l be m(25). Suppose -4*q - 4*a + 9*a = -290, -3*a = l*q - 381. What is the greatest common factor of q and 150?
75
Let s be 56/(-10)*70/(-4). Suppose -5*m - 230 = -5*r, 4*r + 0*m - 3*m = 186. Suppose 21*c - r = 246. What is the highest common factor of s and c?
14
Suppose 1265 = 358*n - 105*n. What is the highest common divisor of n and 10445?
5
Suppose -4*u - 4*g + 0*g + 12 = 0, 12 = u + 4*g. Suppose u = -2*v - v + 6. Let f be 6 - v - (-11 - 7). Calculate the highest common divisor of f and 88.
22
Suppose 198*v - 131*v = 127*v - 60180. Calculate the highest common divisor of v and 119.
17
Let t be (13 - 7) + 141 + 15. What is the highest common factor of t and 1404?
54
Let u be (-6)/(-4)*(-1738)/(-33). Let a = 145 - u. Let y = a - 44. What is the highest common factor of y and 22?
22
Let j(d) = 18*d - 22. Let x be j(2). Let r be 2684/x + 20/70. Calculate the highest common factor of 36 and r.
12
Suppose -46 = 5*x - 7*x. Suppose 5*p = 4*z - 61, 0 = z - 3*z + p + x. Let s be (28/6)/(((-24)/z)/(-8)). What is the greatest common factor of s and 70?
14
Let i be -3 - (10/4 + 6426/(-108)). What is the greatest common divisor of i and 150?
6
Let f be (1023792/242)/8 - (-4)/22. What is the highest common divisor of 184 and f?
23
Suppose -4*i - 13 + 133 = 0. Suppose -j = 5*r - 335, 4*j + 16*r - 15*r - 1321 = 0. Calculate the highest common factor of i and j.
30
Let i = -154 - -152. Let r(m) = -32*m - 10. Le